16
Calculate the highest common divisor of 89 and 2047.
89
What is the highest common divisor of 70 and 45?
5
What is the highest common divisor of 204 and 60?
12
Calculate the highest common factor of 375 and 45.
15
Calculate the highest common divisor of 63 and 336.
21
Calculate the highest common factor of 2 and 82.
2
What is the highest common divisor of 18 and 6?
6
Calculate the highest common factor of 2244 and 1632.
204
What is the highest common factor of 12 and 52?
4
Calculate the greatest common factor of 3360 and 140.
140
Calculate the greatest common factor of 45 and 117.
9
Calculate the greatest common factor of 1372 and 1.
1
What is the greatest common factor of 561 and 3531?
33
Calculate the highest common divisor of 19 and 931.
19
What is the greatest common divisor of 81 and 9?
9
What is the highest common divisor of 338 and 39?
13
What is the greatest common factor of 814 and 638?
22
Calculate the highest common divisor of 876 and 300.
12
Calculate the greatest common divisor of 15 and 705.
15
Calculate the greatest common divisor of 80 and 220.
20
Calculate the highest common factor of 10 and 470.
10
Calculate the greatest common factor of 28 and 1106.
14
Calculate the highest common divisor of 266 and 3686.
38
Calculate the highest common factor of 280 and 136.
8
What is the greatest common divisor of 2720 and 70?
10
Calculate the greatest common divisor of 4648 and 5644.
332
Calculate the greatest common divisor of 3 and 40.
1
What is the highest common divisor of 72 and 8?
8
What is the greatest common divisor of 7 and 35?
7
Calculate the greatest common divisor of 9 and 3.
3
What is the highest common factor of 1210 and 770?
110
What is the greatest common factor of 10906 and 1330?
266
What is the greatest common factor of 5544 and 280?
56
Calculate the highest common factor of 279 and 36.
9
What is the highest common factor of 16 and 695?
1
Calculate the greatest common divisor of 71 and 20590.
71
Calculate the highest common factor of 120 and 16.
8
Calculate the highest common factor of 1 and 4.
1
Calculate the greatest common divisor of 23 and 1656.
23
Calculate the highest common factor of 472 and 6844.
236
What is the highest common divisor of 195 and 75?
15
Calculate the highest common factor of 86 and 5375.
43
Calculate the greatest common factor of 3281 and 510.
17
What is the greatest common factor of 3503 and 31?
31
What is the greatest common divisor of 14578 and 74?
74
Calculate the greatest common factor of 5258 and 22.
22
What is the greatest common divisor of 522 and 18?
18
What is the highest common divisor of 15778 and 46?
46
What is the greatest common divisor of 304 and 80?
16
What is the highest common factor of 1 and 53?
1
What is the highest common divisor of 6320 and 16?
16
What is the highest common factor of 504 and 804?
12
Calculate the highest common divisor of 3053 and 142.
71
What is the highest common factor of 39 and 17303?
13
Calculate the highest common factor of 4 and 9.
1
What is the greatest common divisor of 729 and 1?
1
Calculate the highest common factor of 200 and 88.
8
Calculate the greatest common factor of 26 and 1690.
26
What is the highest common divisor of 105 and 120?
15
What is the highest common factor of 22 and 48983?
11
Calculate the highest common factor of 85 and 595.
85
What is the greatest common divisor of 342 and 114?
114
Calculate the greatest common factor of 1541 and 134.
67
What is the highest common divisor of 592 and 37?
37
Calculate the greatest common factor of 38960 and 80.
80
What is the greatest common divisor of 112 and 84?
28
What is the greatest common divisor of 2 and 38?
2
Calculate the greatest common divisor of 162 and 159.
3
What is the greatest common factor of 27 and 3015?
9
What is the highest common divisor of 2662 and 2?
2
What is the greatest common divisor of 1 and 1331?
1
Calculate the highest common divisor of 83 and 106.
1
Calculate the highest common divisor of 150 and 12225.
75
What is the greatest common divisor of 304 and 114?
38
What is the highest common factor of 14 and 1141?
7
Calculate the highest common factor of 15 and 51.
3
What is the greatest common factor of 5 and 37?
1
What is the greatest common divisor of 61665 and 30?
15
Calculate the highest common divisor of 361 and 65341.
361
Calculate the highest common factor of 72 and 36.
36
What is the highest common divisor of 3245 and 15?
5
Calculate the greatest common divisor of 3570 and 70.
70
What is the highest common divisor of 7028 and 56?
28
What is the greatest common factor of 77 and 1309?
77
What is the highest common divisor of 65 and 340?
5
What is the highest common factor of 21408 and 96?
96
What is the highest common factor of 11791 and 26?
13
Calculate the greatest common factor of 1925 and 473.
11
What is the greatest common divisor of 36 and 1017?
9
What is the highest common factor of 2015 and 13?
13
Calculate the highest common factor of 136 and 8.
8
Calculate the highest common factor of 630 and 280.
70
Calculate the highest common divisor of 14500 and 870.
290
Calculate the greatest common factor of 44 and 3388.
44
What is the highest common factor of 623 and 1068?
89
Calculate the highest common divisor of 21 and 27321.
21
What is the greatest common divisor of 1189 and 41?
41
Calculate the greatest common divisor of 8 and 54.
2
Calculate the greatest common divisor of 1311 and 684.
57
Calculate the greatest common divisor of 190 and 20805.
95
Calculate the greatest common factor of 596 and 4.
4
Calculate the greatest common factor of 432 and 477.
9
What is the highest common factor of 63 and 714?
21
Calculate the greatest common factor of 246 and 1927.
41
What is the highest common factor of 144 and 9552?
48
What is the highest common factor of 2160 and 464?
16
Calculate the highest common factor of 558 and 180.
18
Calculate the highest common divisor of 20 and 36.
4
What is the highest common factor of 594 and 1089?
99
What is the highest common factor of 338 and 3211?
169
What is the highest common divisor of 205 and 17015?
205
Calculate the greatest common factor of 12 and 47820.
12
Calculate the highest common divisor of 250 and 800.
50
Calculate the highest common divisor of 54696 and 172.
172
Calculate the greatest common factor of 144 and 3920.
16
What is the greatest common divisor of 12288 and 6?
6
What is the highest common divisor of 64 and 208?
16
What is the highest common factor of 268 and 469?
67
What is the greatest common factor of 27706 and 70?
14
Calculate the highest common divisor of 10570 and 280.
70
What is the highest common divisor of 5780 and 280?
20
What is the greatest common divisor of 966 and 63?
21
Calculate the highest common factor of 240 and 2832.
48
Calculate the greatest common divisor of 1680 and 360.
120
What is the greatest common factor of 18 and 882?
18
Calculate the highest common factor of 7755 and 1269.
141
What is the highest common divisor of 625 and 25?
25
Calculate the highest common divisor of 56 and 504.
56
What is the greatest common divisor of 32 and 1296?
16
What is the greatest common divisor of 1105 and 78?
13
What is the greatest common factor of 124 and 20?
4
Calculate the highest common divisor of 10 and 860.
10
Calculate the highest common divisor of 2169 and 33.
3
Calculate the highest common divisor of 14 and 210.
14
What is the highest common factor of 144 and 198?
18
What is the greatest common divisor of 1781 and 137?
137
What is the greatest common divisor of 66 and 10791?
33
Calculate the highest common divisor of 4396 and 28.
28
Calculate the greatest common factor of 110 and 33.
11
Calculate the highest common factor of 5598 and 144.
18
Calculate the greatest common factor of 280 and 672.
56
What is the greatest common divisor of 245 and 5635?
245
What is the greatest common factor of 960 and 1500?
60
What is the greatest common factor of 1068 and 12?
12
What is the greatest common divisor of 2 and 73?
1
Calculate the highest common factor of 5775 and 1320.
165
Calculate the greatest common divisor of 30 and 795.
15
What is the highest common factor of 2673 and 22?
11
What is the greatest common factor of 21 and 243?
3
What is the highest common factor of 3756 and 36?
12
Calculat